*3 - 7*y**2 + 7*y + 1. Let h be p(7). Suppose -4*z + 6 = h. Is q(z) composite?
False
Suppose 2*v + 3 = 3*l, -5*l + 4*v = -3 - 0. Suppose -3*n + 539 + 16 = 0. Suppose 1 = 3*g - 2, -4*t + n = -l*g. Is t a prime number?
True
Suppose 4*q + 20 = 2*j, 3*q + 22 = 5*j - 0*j. Suppose 2*z - 69 = -k, 4*k + 0*z = -j*z + 264. Suppose -6*c + k = -c. Is c composite?
False
Let u(k) = 52*k + 2. Is u(3) composite?
True
Let y be (3/12)/(1/8). Suppose -172 = -y*x + 94. Is x composite?
True
Let l(h) be the third derivative of h**5/12 - h**4/12 + 5*h**3/6 - 2*h**2. Is l(4) composite?
True
Suppose 0 + 15 = -5*n. Let i be 1/2*2*-1. Let u = i - n. Is u a composite number?
False
Is 4126/14 + (-8)/(-28) prime?
False
Let i = -14 + 10. Is (-597)/i - (-3)/(-12) prime?
True
Let c = 12 - 8. Suppose c*k = -k + 715. Is k composite?
True
Let f = 1 + 2. Suppose -5*j - 101 = -4*l, 2*l - 55 = f*j - 6. Suppose -3*g + l = -40. Is g composite?
False
Let x = 3147 + -1154. Is x composite?
False
Is (8/16)/(2/196) a composite number?
True
Suppose -3*d = -2*b - 183, d - 2*b + 122 = 3*d. Suppose -i - 8 + d = -k, 10 = 5*k. Is i prime?
False
Suppose 6 = 3*l, w - l - 9 = 3. Suppose q - w = -3. Suppose -4*f = 2*i - 54, -i - 3*f - q = -33. Is i composite?
False
Let q(u) = -u**2 - 9*u - 8. Let n(k) = -2*k**2 - 19*k - 16. Let r(x) = 3*n(x) - 7*q(x). Is r(-9) composite?
True
Let k(u) = 3*u**2 + 5*u + 19. Is k(-14) a prime number?
False
Let j(u) = -17 - 21*u - 3*u**3 - 16*u**2 + 2*u**3 + 0*u**3. Is j(-16) composite?
True
Let z(l) = 7*l + 6. Let o = -9 + 15. Let f be 1*3*14/o. Is z(f) a composite number?
True
Suppose -t = -5*s + 960, 5*s - 2*t - 689 = 276. Is s prime?
True
Suppose -3*g = -5*g + 426. Is g a composite number?
True
Suppose -6162 = -2*d - 4*d. Is d a prime number?
False
Suppose -3*s + 740 = 5*m, -m + 0*m + 160 = 3*s. Is m a composite number?
True
Suppose z = 2*g + g - 13, 3*z + 19 = 5*g. Suppose v = -2*v - 3*q - 12, -8 = z*v + 3*q. Let m = 0 - v. Is m a composite number?
True
Is 12/(-20) - 956/(-10) composite?
True
Suppose -4*j + 1178 = -2*z, -3*j + 4*z + 227 = -664. Is j a composite number?
False
Let h be 1*(2*3)/3. Let b be h/(21/15 + -1). Suppose 26 = -b*p - 4*q + 97, 0 = p - 4*q + 5. Is p a prime number?
True
Suppose 3*q - 8 = -q. Suppose 4*d - 616 = 2*x + 2*x, -q*x - 457 = -3*d. Is d prime?
True
Suppose 0 = 8*q - 209 - 743. Is q composite?
True
Let q(x) = x**3 + 10*x**2 + 12*x - 19. Is q(12) composite?
True
Suppose 4*m = -0*m + 44. Is m prime?
True
Let h be (1 + 17)*4/12. Let m(v) = v**3 - 6*v**2 + 3*v - 3. Is m(h) prime?
False
Let p(a) = 3*a**3 - a**2 + a. Let b = 3 - 2. Let x be p(b). Suppose 11 = x*s - 28. Is s composite?
False
Let j = 2296 + -947. Is j a prime number?
False
Let y(x) = -x + 12. Let b be y(9). Suppose 3*a + 55 = p, b*a - 74 = 3*p - 5*p. Is p a prime number?
True
Suppose -3*z + 13649 = -4*y, 3*z + 2*z = 2*y + 22739. Is z prime?
True
Let q = -102 + 105. Is q a composite number?
False
Suppose 0*q - 6 = g + 3*q, 0 = q + 2. Is 37 - g/(-2 - 0) prime?
True
Let s be 2*(-2 + 4 + -1). Suppose s*a - a = 14. Is a composite?
True
Let u(z) = z**2 + 22*z - 26. Is u(21) a composite number?
False
Suppose -3*a - 4*a + 301 = 0. Is a a prime number?
True
Let a(s) = 72*s**2 - 2*s. Let o be (3 + -2)/((-5)/5). Is a(o) composite?
True
Let d(h) = -2*h**3 + 7*h**2 + 12*h + 5. Is d(-8) composite?
False
Suppose 8*f - 30 = 2*f. Suppose 4*c = 2*h - 260 - 306, -f*c = 2*h - 611. Is h composite?
False
Let r(p) = -347*p. Let l be r(-3). Suppose -3*s - l = -6*s. Is s prime?
True
Let m(n) = -29*n - 1. Suppose 0 = -f + 2*q - 8, 4*f + 38 = -q + 3*q. Is m(f) a composite number?
True
Let n(j) = 20*j - 2. Let o be n(6). Suppose 3*g = 2*t - t - o, 0 = 2*g - 6. Is t composite?
False
Let f = -5 - -12. Let u = f + -4. Suppose -r - u*r + 184 = 0. Is r composite?
True
Suppose 4*m - 247 = -3*a, 373 = 17*a - 12*a - 3*m. Is a a prime number?
False
Is 2/17 + (-798930)/(-306) prime?
False
Is (-2)/(-2) - (0 - 21) composite?
True
Suppose -2*g + 21 = g. Let z(x) = -x**3 + 7*x**2 + 4*x + 9. Let f be z(g). Let p = 16 + f. Is p a prime number?
True
Let d be (-10)/(-5)*2/4. Let a(z) = z - 5*z - d + 0*z. Is a(-8) composite?
False
Let s(j) = -j**2 - j + 115. Let u be (-16)/6*(-3)/2. Suppose u*o = 5*v - 5 + 10, 5*o + 3*v = -3. Is s(o) composite?
True
Let v(k) be the second derivative of k**4/12 + k**3/3 + 2*k**2 - 5*k. Is v(-3) a composite number?
False
Suppose -2*p = 2*p - l - 266, 2*l - 205 = -3*p. Is p a prime number?
True
Let z = -140 - -217. Let x = z + -55. Is x a composite number?
True
Suppose -t + 44 - 6 = 0. Let d = -2 + t. Suppose d = -3*b + 381. Is b a composite number?
True
Let h = -12 + 12. Suppose h = -r + 56 + 147. Is r prime?
False
Let s = 301 - 83. Let r = -125 + s. Is r a prime number?
False
Let f(q) be the second derivative of -2*q**3/3 + 11*q**2/2 - 3*q. Let w be 38/(-4) - (-2)/4. Is f(w) composite?
False
Suppose -2*l - 2*l - w = -12144, -4*l + 12136 = 3*w. Is l a composite number?
False
Let g = -438 + 2477. Is g a composite number?
False
Let r(y) = y**2 + 8*y + 2. Is r(5) a prime number?
True
Is (16235/(-11))/(-5) + (-2)/11 a prime number?
False
Let q(c) = 26*c**3 - 3*c**2 + 2*c - 1. Is q(2) a composite number?
False
Suppose 0*r + r - 2 = 0. Is (-1478)/(-8) + r/8 prime?
False
Is (114 - -1) + 0 - 0 composite?
True
Suppose -4*t + 2*t + 284 = 0. Suppose -3*n - 2*r + t = n, -120 = -3*n + 3*r. Is n prime?
True
Suppose 4*s + 15 = 5*b + 3*s, -2*s = 10. Suppose 0 = 2*o + 3*d - 407, -561 = -b*o + 2*d - 129. Is o composite?
False
Let c(y) = y**3 + 11*y**2 + 11*y + 13. Let i be c(-10). Suppose -i*x + 151 = -14. Is x prime?
False
Let f(u) = -u**2 - 3*u. Let l be f(-3). Let p(b) = -b + 72. Let r be p(l). Suppose 4*y - h = -6*h + 97, 3*y - r = -3*h. Is y a prime number?
True
Suppose 9*x - 3620 = 1069. Is x composite?
False
Let n(l) = -l**2 + 4*l - 3. Let f be n(2). Let h be ((-3)/(-6))/(f/8). Suppose 265 = b + h*b. Is b a composite number?
False
Let p(b) = 12*b + 15. Let i be p(12). Let w = 98 + i. Is w prime?
True
Suppose 0*t + 2147 = -3*t + 5*y, 0 = t - 5*y + 719. Is (2/3)/((-4)/t) a composite number?
True
Let t(l) = 13*l**3 + 14*l**2 + 3*l - 3. Let j(k) = -6*k**3 - 7*k**2 - 2*k + 2. Let z(o) = 9*j(o) + 4*t(o). Is z(-5) a composite number?
True
Is ((-114)/10)/(9/(-45)) a prime number?
False
Let i = -393 - -838. Is i a prime number?
False
Let r(c) be the second derivative of 0*c**3 + 0 - c + 1/2*c**2 + 1/4*c**4. Is r(-4) a composite number?
True
Let w be (246/(-24))/(1/4). Let f = -20 - w. Is f prime?
False
Let u = 10 + -6. Suppose -4*t + 131 = -3*y, 0*y = -t - u*y + 47. Is -2 + 2 + -2 + t prime?
False
Suppose -a + v = -0 - 2, 2*v = 5*a - 7. Let q be (a - -1) + (-1 - 0). Is q/1 - (-34 - -2) a composite number?
True
Let r(q) = -22*q**3 - q**2. Suppose -f - 1 = -0*f. Is r(f) prime?
False
Is (6/5)/3 - (-17732)/20 a composite number?
False
Suppose 4*k - 10 = -2. Suppose k*d - 16 = 3*x, -2*x - 14 = -d - 2*d. Is x/(4/(-3)) + 146 composite?
False
Suppose -4*u + 5*u + 5*c = 2202, 3*u = 2*c + 6623. Is u prime?
True
Let d = 73 - 34. Suppose -4*w - w - 4*l = -d, w - 2*l = 5. Is w prime?
True
Suppose 792 = 4*w - 4*v - 0*v, -5*w = -4*v - 992. Suppose 2*q + 2*b = 4*q - w, -106 = -q + 3*b. Is q prime?
True
Let l(i) = 2*i**2 + 3*i + 2. Suppose 3*h = 5*h - 5*p - 15, p + 30 = -5*h. Is l(h) prime?
True
Let z(i) = -i**3 - 6*i**2 + 7*i - 3. Suppose 4 + 3 = -o. Let s be z(o). Is 38/2 - (-5 - s) prime?
False
Let t = 1 - -297. Is t composite?
True
Suppose -2*u + k + 327 = 0, -4*k + 332 = -u + 3*u. Suppose 4*q - 2*x - 452 = 0, -616 + u = -4*q - 2*x. Is q a composite number?
False
Let u = -15 + 21. Let q(y) = 3*y**2 - 9*y + 2. Let b be q(u). Suppose 329 = 5*w - b. Is w composite?
True
Let h = 1838 - 1299. Suppose 3*b - o - 215 = b, -5*b + h = -2*o. Is b a composite number?
False
Suppose 860 - 45 = a. Is a prime?
False
Let x = -97 - -148. Is x a composite number?
True
Suppose -3 = -4*y + 1. Is 1*-2*y - -13 composite?
False
Suppose z + 3*p = -33, 0 = -5*p - 23 + 8. Let h = -76 - z. Let k = h - -129. Is k a prime number?
False
Let b(g) = 330*g**2 - g. Is b(-1) prime?
True
Suppose 27 = 3*p + 4*i, p - 4*i + 2*i + 1 = 0. Let o(f) be the third derivative of -f**5/60 + f**4/4 + 2*f**3/3 + f**2. Is o(p) a prime number?
False
Let h = -611 + 1660.